. List the prime factors of h(-13).
3, 107
Let i(g) = 2347*g + 6. What are the prime factors of i(2)?
2, 5, 47
Suppose 9*l - 328 = 365. Let r = -32 + 46. List the prime factors of r/l - (-75)/11.
7
Let s(y) = -y**2 - 12*y - 10. Let t be s(-8). Suppose -2*v - 2*c + t = -28, -6 = -2*c. List the prime factors of v.
2, 11
Suppose -26296 = -33*o + 12347. What are the prime factors of o?
1171
Suppose 3*b + 9 = -0*b - 4*j, 3 = -b - 5*j. List the prime factors of b + (-118)/(-3)*3.
5, 23
Suppose 2*l = 3*p - 3447, -3*p + 2*p - 4*l = -1135. List the prime factors of p.
31, 37
Suppose -15*s - 457 = -7. What are the prime factors of 3/4*67 + s/120?
2, 5
Suppose 2*n - 2836 = u - 5*u, 2*n + 2820 = 4*u. What are the prime factors of u?
7, 101
Suppose 3*a - 3*s - 50 - 13 = 0, 2*a - s - 41 = 0. Suppose -u + 506 = 4*u + 4*z, 0 = -5*z + a. List the prime factors of u.
2, 7
Suppose 0 = -2*z - 3*f + 14, 4*z - 2 = z + 5*f. List the prime factors of (z + (-123)/2)*(-2 - 0).
5, 23
Let o = -12 - -16. Let v = -9 - -13. Suppose 0 = o*d - 3*s - 65 - 99, v*d - 136 = -4*s. What are the prime factors of d?
2, 19
Suppose 0 = 19*g - 14*g - 280. Suppose 0 = -z - 2*p - 3*p + 20, g = 2*z + 2*p. What are the prime factors of z?
2, 3, 5
Let k = 540 - -739. List the prime factors of k.
1279
Let o = 1528 + -655. What are the prime factors of o?
3, 97
Let z(r) = -32*r + 158. List the prime factors of z(-9).
2, 223
Suppose -3*p = 0, 3*p = -5*f + 4*p + 70. Let s(t) = 9*t - 1. What are the prime factors of s(f)?
5
Suppose -14 = -f - 4*x - 45, -67 = 3*f - x. Let u = -21 - f. Suppose -2*z + 31 = -k + 97, 5*k = u*z + 322. List the prime factors of k.
2
Suppose -2*b = 20 + 4. List the prime factors of 6/b - -6 - (-1)/2.
2, 3
Let l = 2197 - 1556. Let z = -338 + l. List the prime factors of z.
3, 101
Let h = -893 - -1385. List the prime factors of h.
2, 3, 41
Let i = -5 - -7. Let m be i + 4 - (-4 + 4). Suppose -5*l + m*l - 28 = 0. What are the prime factors of l?
2, 7
Suppose 3*a - 404 = 1411. What are the prime factors of a?
5, 11
List the prime factors of (-365572)/(-108) + 6/81.
5, 677
Suppose 16*h - 848 = -2000. Let p = h - -311. List the prime factors of p.
239
Suppose -45 = 5*x + 6*u - 2*u, 0 = -3*x + 3*u - 27. List the prime factors of (-33)/(-12)*(-5 - x).
11
Let y(j) be the third derivative of j**6/120 + j**5/6 - 13*j**4/24 + j**2. What are the prime factors of y(-11)?
2, 11
Suppose 8 = r + 5. Let n be r + -1 + -6 + 6. Suppose -2*h - 2*d + 70 = 0, n*h = -3*h - d + 179. List the prime factors of h.
2, 3
Let t(a) = a + 5. Let p be t(-3). Suppose -p*q = -6 - 0. What are the prime factors of q/2*342/27?
19
Let h = -51 + 185. What are the prime factors of h?
2, 67
Let a = 401 + 194. List the prime factors of a.
5, 7, 17
Let z(t) = -187*t - 63. Let i be z(-21). Suppose -i = 15*x - 29*x. What are the prime factors of x?
2, 3, 23
Let r(m) = -2*m + 19. Let s be r(9). Suppose -s = 2*h - 119. List the prime factors of h.
59
Let c(r) = -2*r**3 + r**2 + 5*r + 5. Let a be c(-4). List the prime factors of a/6*(1 - -1).
43
Suppose 4*c - 18 = 18. Let u = 11 - c. Suppose n - u*n = -25. What are the prime factors of n?
5
Let n(w) = w**2 + 6*w + 7. Let m be n(-6). Let l be (3/2)/(m/(-14)). List the prime factors of l + 4 + 3 + 63.
67
Let y be 2/(-6) + 80/24. Suppose 486 = 3*u + y*u. List the prime factors of u.
3
Let m be 3 - (20/(-5))/4. Let b be m*(-7)/(-4) + -3. What are the prime factors of (1 - 1) + 30 + b?
2, 17
Let k(r) = r**3 - 20*r**2 + 15*r + 179. What are the prime factors of k(19)?
103
Let d(r) = 297*r + 27. What are the prime factors of d(4)?
3, 5
Let k = -31 - -19. Suppose -16 = 7*d - 5*d. What are the prime factors of ((-153)/k)/((-3)/d)?
2, 17
Suppose 4*j = -5*k - 209, -3*k - 141 = 2*j - 16. Let u = 60 - 49. Let v = u - k. List the prime factors of v.
2, 13
Let k = -2258 + 4456. List the prime factors of k.
2, 7, 157
Let m(d) = 66*d - 29*d + 12 - 29*d. What are the prime factors of m(11)?
2, 5
Let d(j) = -127*j - 4. Let c be d(-7). Suppose -5*w + 70 = -c. What are the prime factors of w?
191
Suppose a - 41 = -0*a + j, 0 = -2*a + 4*j + 90. Let r = 34 + a. Let f = r - 43. List the prime factors of f.
2, 7
Let o(t) = -4*t**3 + 35*t**2 + 273*t - 11. List the prime factors of o(-8).
7, 13, 23
Let w be (-124)/8*(2 - 8). Suppose 3*v = 5*x - 2*x + w, 49 = v + 5*x. Let g = v + 0. List the prime factors of g.
2, 17
Suppose 3*o - g = 3*g + 4, -5*o - 1 = g. Suppose 7*i - 2*i - 180 = o. List the prime factors of i.
2, 3
Let s = 53 - 54. What are the prime factors of (-85096)/(-308) + (s - 10/(-14))?
2, 3, 23
Let l(p) = 10*p**3 + p**2 - 1. Let h be l(1). Let m be 210 + (0 - 0)*-1. Suppose m + h = 4*g. List the prime factors of g.
5, 11
Let l = 620 - 387. List the prime factors of l.
233
Suppose 2*m + 3*s - 37 = -14, m - 5 = 5*s. What are the prime factors of m?
2, 5
Suppose 6*m - m = -4*r - 1269, 4*r - 530 = 2*m. Let b = -134 - m. List the prime factors of b.
3, 41
Suppose -59 = -4*t - 19. Suppose 2*i + f = i, 0 = -i + 4*f - t. List the prime factors of (i/(-3))/(3/180).
2, 5
Suppose 0 = x, 3*l - 10 = l - 5*x. Suppose 2*z - l*y - 27 = 0, -2*z - 3*y + 9 = z. What are the prime factors of z?
2, 3
Let b be 63/27 - (-2)/(-6). Suppose 4*y + g - 6 = 0, 2*y + b*y + 5*g + 2 = 0. List the prime factors of -22*2/(-8)*y.
11
Let z be ((-210)/(-4))/((-6)/8). What are the prime factors of (-6)/(-10) + (-5628)/z?
3
Let o(z) = 14*z**2 + 2*z + 3. Let v be o(-3). What are the prime factors of (32/24)/1*v/2?
2, 41
Let c(g) = -6*g - 2. Let n(i) = -1. Let k(o) = c(o) + 3*n(o). What are the prime factors of k(-19)?
109
Let i = -41 - 32. Let w = i + 146. List the prime factors of w.
73
Let c(w) = w + 54. List the prime factors of c(13).
67
Let s = 298 - 95. Let w = s + -84. What are the prime factors of w?
7, 17
Let m(k) = -3*k**2 - 2. Let x be m(2). Let s be ((-12)/x)/((-3)/21). Let r(p) = -6*p - 9. What are the prime factors of r(s)?
3
Let l(d) = 3 - 1 + 0 - 5*d. Let z = 65 + -73. What are the prime factors of l(z)?
2, 3, 7
Let c(q) = -q**2 - 11*q + 6. Let x be 111/(-21) - 8/(-28). List the prime factors of c(x).
2, 3
Let t = 469 + -263. Suppose 4*u - 5*j = t, 4*u - 243 = -u - j. List the prime factors of u.
7
Let w = -17 + 19. Suppose 56 = -4*s + w*s. List the prime factors of 4/s + (-22)/(-7).
3
List the prime factors of 10/4*1296/60.
2, 3
Suppose 2*u + 120 - 32 = 0. Let n = u - -84. List the prime factors of n.
2, 5
Let i = -1137 - -1445. What are the prime factors of i?
2, 7, 11
Let k(b) = -170*b**3 - 2*b**2 + 5*b + 6. What are the prime factors of k(-1)?
13
Let v = -30 + 73. Suppose 163 = -2*o + v. Let h = -38 - o. List the prime factors of h.
2, 11
Let p(l) be the second derivative of -l**5/20 + 11*l**4/12 + 5*l**3/2 + 7*l**2 - 20*l. What are the prime factors of p(12)?
2, 5
Suppose -4*b = -b + 270. What are the prime factors of 1 - 1*(-10)/5 - b?
3, 31
Let z(h) = h**3 - 5*h**2 - 12*h + 8. Let f be z(9). Suppose 11*x = 4*x + f. List the prime factors of x.
2
List the prime factors of ((2 - 4)*-17)/((-2)/(-15)).
3, 5, 17
Let p(r) = r**2 - 5*r - 7. Let b be p(6). Let a = b - -1. Suppose a = 5*d - 20, -4*j - 2*d = -5*d. List the prime factors of j.
3
Let y(r) be the third derivative of r**6/120 - r**5/10 + 5*r**4/24 - 3*r**3/2 + r**2. Suppose 16 = 2*c + 4. List the prime factors of y(c).
3, 7
What are the prime factors of ((-12)/(-24))/(3/1362)?
227
Let y(t) = -t**3 + 24*t**2 - 14*t + 25. What are the prime factors of y(18)?
17, 101
Let v = 754 - 443. What are the prime factors of v?
311
Let x = 1004 + -434. What are the prime factors of x?
2, 3, 5, 19
Let t be 33/(-11)*2/(-2). Suppose -5*i + 242 = -2*p - 414, t*i = -4*p + 378. List the prime factors of i.
2, 5, 13
Suppose t - 2*s = 5*t, 5*t = 3*s. Suppose -d + 3*h - 3 = -t*h, 2*h = -d - 8. What are the prime factors of (0 - -2 - d) + 1?
3
Suppose 3*r = 3*h + 21, 2*h + 1 = -r - 1. Let t = -19 - -23. Suppose 3*n = b - 23 - 10, -t*n = -r. List the prime factors of b.
2, 3
List the prime factors of 2322/5 - (-8)/(-20).
2, 29
Let j(n) = n**3 - 7*n**2 + 41. Let u be j(6). Suppose -u*g = 306 - 1361. List the prime factors of g.
211
Let v(s) = -s - 13. Let i be v(-15). Suppose o = -0*o. Suppose 2*q = 4*b - 2*q - 76, o = i*b - 4*q - 36. List the prime factors of b.
2, 5
S